{"id":23,"date":"2024-08-02T12:57:40","date_gmt":"2024-08-02T10:57:40","guid":{"rendered":"http:\/\/liftfuture.com\/?page_id=23"},"modified":"2024-08-02T14:39:44","modified_gmt":"2024-08-02T12:39:44","slug":"inne-uslugi","status":"publish","type":"page","link":"http:\/\/liftfuture.com\/?page_id=23","title":{"rendered":"Inne us\u0142ugi"},"content":{"rendered":"\t\t<div data-elementor-type=\"wp-page\" data-elementor-id=\"23\" class=\"elementor elementor-23\">\n\t\t\t\t<div class=\"elementor-element elementor-element-863e701 e-grid e-con-boxed e-con e-parent\" data-id=\"863e701\" data-element_type=\"container\">\n\t\t\t\t\t<div class=\"e-con-inner\">\n\t\t\t\t<div class=\"elementor-element elementor-element-9aadcea elementor-widget elementor-widget-image\" data-id=\"9aadcea\" data-element_type=\"widget\" data-widget_type=\"image.default\">\n\t\t\t\t<div class=\"elementor-widget-container\">\n\t\t\t<style>\/*! elementor - v3.23.0 - 25-07-2024 *\/\n.elementor-widget-image{text-align:center}.elementor-widget-image a{display:inline-block}.elementor-widget-image a img[src$=\".svg\"]{width:48px}.elementor-widget-image img{vertical-align:middle;display:inline-block}<\/style>\t\t\t\t\t\t\t\t\t\t<img fetchpriority=\"high\" decoding=\"async\" width=\"280\" height=\"200\" src=\"https:\/\/liftfuture.com\/wp-content\/uploads\/2024\/08\/Zespawany-detal-280x200-1.jpg\" class=\"attachment-large size-large wp-image-79\" alt=\"\" \/>\t\t\t\t\t\t\t\t\t\t\t\t\t<\/div>\n\t\t\t\t<\/div>\n\t\t\t\t<div class=\"elementor-element elementor-element-07c5de8 elementor-widget elementor-widget-text-editor\" data-id=\"07c5de8\" data-element_type=\"widget\" data-widget_type=\"text-editor.default\">\n\t\t\t\t<div class=\"elementor-widget-container\">\n\t\t\t<style>\/*! elementor - v3.23.0 - 25-07-2024 *\/\n.elementor-widget-text-editor.elementor-drop-cap-view-stacked .elementor-drop-cap{background-color:#69727d;color:#fff}.elementor-widget-text-editor.elementor-drop-cap-view-framed .elementor-drop-cap{color:#69727d;border:3px solid;background-color:transparent}.elementor-widget-text-editor:not(.elementor-drop-cap-view-default) .elementor-drop-cap{margin-top:8px}.elementor-widget-text-editor:not(.elementor-drop-cap-view-default) .elementor-drop-cap-letter{width:1em;height:1em}.elementor-widget-text-editor .elementor-drop-cap{float:left;text-align:center;line-height:1;font-size:50px}.elementor-widget-text-editor .elementor-drop-cap-letter{display:inline-block}<\/style>\t\t\t\t<p>Promie\u0144 lasera jest uniwersalnym narz\u0119dziem do <strong>ci\u0119cia<\/strong>, <strong>spawania<\/strong>, <strong>napawania<\/strong>, <strong>hartowania<\/strong>, <strong>lutowania<\/strong>, <strong>znakowania<\/strong>&#8230;<\/p><p>Wszechstronne zalety obr\u00f3bki materia\u0142\u00f3w promieniem lasera wykorzystuje si\u0119 w wielu dziedzinach.<\/p>\t\t\t\t\t\t<\/div>\n\t\t\t\t<\/div>\n\t\t\t\t\t<\/div>\n\t\t\t\t<\/div>\n\t\t<div class=\"elementor-element elementor-element-1250734 e-flex e-con-boxed e-con e-parent\" data-id=\"1250734\" data-element_type=\"container\">\n\t\t\t\t\t<div class=\"e-con-inner\">\n\t\t\t\t<div class=\"elementor-element elementor-element-83241ae elementor-widget elementor-widget-text-editor\" data-id=\"83241ae\" data-element_type=\"widget\" data-widget_type=\"text-editor.default\">\n\t\t\t\t<div class=\"elementor-widget-container\">\n\t\t\t\t\t\t\t<p>Decyduje o tym najcz\u0119\u015bciej wysoka jako\u015b\u0107 obr\u00f3bki, szybko\u015b\u0107 i elastyczno\u015b\u0107 zastosowa\u0144 oraz powtarzalno\u015b\u0107 procesu.<\/p><p>Pracujemy na urz\u0105dzeniach <strong>najwy\u017cszej<\/strong> jako\u015bci, by zapewni\u0107 Pa\u0144stwu <strong>najlepsz\u0105<\/strong> jako\u015b\u0107 produktu.<\/p>\t\t\t\t\t\t<\/div>\n\t\t\t\t<\/div>\n\t\t\t\t\t<\/div>\n\t\t\t\t<\/div>\n\t\t<div class=\"elementor-element elementor-element-5900b44 e-flex e-con-boxed e-con e-parent\" data-id=\"5900b44\" data-element_type=\"container\">\n\t\t\t\t\t<div class=\"e-con-inner\">\n\t\t\t\t<div class=\"elementor-element elementor-element-4ff6d69 elementor-widget elementor-widget-heading\" data-id=\"4ff6d69\" data-element_type=\"widget\" data-widget_type=\"heading.default\">\n\t\t\t\t<div class=\"elementor-widget-container\">\n\t\t\t<style>\/*! elementor - v3.23.0 - 25-07-2024 *\/\n.elementor-heading-title{padding:0;margin:0;line-height:1}.elementor-widget-heading .elementor-heading-title[class*=elementor-size-]>a{color:inherit;font-size:inherit;line-height:inherit}.elementor-widget-heading .elementor-heading-title.elementor-size-small{font-size:15px}.elementor-widget-heading .elementor-heading-title.elementor-size-medium{font-size:19px}.elementor-widget-heading .elementor-heading-title.elementor-size-large{font-size:29px}.elementor-widget-heading .elementor-heading-title.elementor-size-xl{font-size:39px}.elementor-widget-heading .elementor-heading-title.elementor-size-xxl{font-size:59px}<\/style><h2 class=\"elementor-heading-title elementor-size-default\">Spawanie MIG\/MAG<\/h2>\t\t<\/div>\n\t\t\t\t<\/div>\n\t\t\t\t\t<\/div>\n\t\t\t\t<\/div>\n\t\t<div class=\"elementor-element elementor-element-90532d2 e-grid e-con-boxed e-con e-parent\" data-id=\"90532d2\" data-element_type=\"container\">\n\t\t\t\t\t<div class=\"e-con-inner\">\n\t\t\t\t<div class=\"elementor-element elementor-element-8adedd5 elementor-widget elementor-widget-text-editor\" data-id=\"8adedd5\" data-element_type=\"widget\" data-widget_type=\"text-editor.default\">\n\t\t\t\t<div class=\"elementor-widget-container\">\n\t\t\t\t\t\t\t<ul><li>Inne nazwy &#8211; spawanie \u0142ukowe w os\u0142onie gazowej, spawanie p\u00f3\u0142automatyczne, spawanie w os\u0142onie CO2.<\/li><li>Spos\u00f3b pracy &#8211; r\u0119czny, z mo\u017cliwo\u015bci\u0105 u\u017cycia mechanicznego przemieszczania prowadnika elektrody.<\/li><li>\u0179r\u00f3d\u0142o ciep\u0142a &#8211; \u0142uk elektryczny.<\/li><li>Os\u0142ona jeziorka &#8211; gaz nie reaguj\u0105cy z metalem spawanym.<\/li><li>Zakres nat\u0119\u017cenia pr\u0105du &#8211; 60\u00b8 500A.<\/li><li>Moc cieplna &#8211; 1\u00b825kJ\/s.<\/li><\/ul>\t\t\t\t\t\t<\/div>\n\t\t\t\t<\/div>\n\t\t\t\t<div class=\"elementor-element elementor-element-6161ed1 elementor-widget elementor-widget-image\" data-id=\"6161ed1\" data-element_type=\"widget\" data-widget_type=\"image.default\">\n\t\t\t\t<div class=\"elementor-widget-container\">\n\t\t\t\t\t\t\t\t\t\t\t\t\t<img decoding=\"async\" width=\"200\" height=\"300\" src=\"https:\/\/liftfuture.com\/wp-content\/uploads\/2024\/08\/Projekt-bez-nazwy16.png\" class=\"attachment-large size-large wp-image-82\" alt=\"\" \/>\t\t\t\t\t\t\t\t\t\t\t\t\t<\/div>\n\t\t\t\t<\/div>\n\t\t\t\t\t<\/div>\n\t\t\t\t<\/div>\n\t\t<div class=\"elementor-element elementor-element-22d5bc5 e-flex e-con-boxed e-con e-parent\" data-id=\"22d5bc5\" data-element_type=\"container\">\n\t\t\t\t\t<div class=\"e-con-inner\">\n\t\t\t\t<div class=\"elementor-element elementor-element-ccd15b7 elementor-widget elementor-widget-text-editor\" data-id=\"ccd15b7\" data-element_type=\"widget\" data-widget_type=\"text-editor.default\">\n\t\t\t\t<div class=\"elementor-widget-container\">\n\t\t\t\t\t\t\t<p><strong>Zasada dzia\u0142ania<\/strong><\/p>\t\t\t\t\t\t<\/div>\n\t\t\t\t<\/div>\n\t\t\t\t\t<\/div>\n\t\t\t\t<\/div>\n\t\t<div class=\"elementor-element elementor-element-7826f43 e-flex e-con-boxed e-con e-parent\" data-id=\"7826f43\" data-element_type=\"container\">\n\t\t\t\t\t<div class=\"e-con-inner\">\n\t\t\t\t<div class=\"elementor-element elementor-element-6ed70cf elementor-widget elementor-widget-text-editor\" data-id=\"6ed70cf\" data-element_type=\"widget\" data-widget_type=\"text-editor.default\">\n\t\t\t\t<div class=\"elementor-widget-container\">\n\t\t\t\t\t\t\t<p>\u0141uk jarzy si\u0119 mi\u0119dzy ko\u0144cem elektrody a metalem rodzimym w linii z\u0142\u0105cza. Elektroda jest przesuwana ze sta\u0142\u0105 pr\u0119dko\u015bci\u0105 za pomoc\u0105 silnika o nastawnej pr\u0119dko\u015bci obrotowej. Pr\u0105d zale\u017cy od pr\u0119dko\u015bci podawania elektrody. D\u0142ugo\u015b\u0107 \u0142uku jest utrzymywana przez \u017ar\u00f3d\u0142o pr\u0105du, a spawacz powinien prowadzi\u0107 wylot prowadnika elektrody na sta\u0142ej wysoko\u015bci nad jeziorkiem(zwykle kilkana\u015bcie mm). Przestrze\u0144 \u0142ukowa i spawany metal s\u0105 os\u0142aniane gazem dobranym odpowiednio do spawanego metalu. Gazami powszechnie u\u017cywanymi s\u0105: argon, argon z dodatkiem 5% tlenu lub 20% dwutlenku w\u0119gla albo czysty dwutlenek w\u0119gla. Typowe zastosowani &#8211; wyr\u00f3b o \u015bredniej grubo\u015bci \u0142\u0105czonych element\u00f3w, cienkie blachy.<\/p>\t\t\t\t\t\t<\/div>\n\t\t\t\t<\/div>\n\t\t\t\t\t<\/div>\n\t\t\t\t<\/div>\n\t\t<div class=\"elementor-element elementor-element-7b1bfa6 e-flex e-con-boxed e-con e-parent\" data-id=\"7b1bfa6\" data-element_type=\"container\">\n\t\t\t\t\t<div class=\"e-con-inner\">\n\t\t\t\t<div class=\"elementor-element elementor-element-7637d33 elementor-widget elementor-widget-spacer\" data-id=\"7637d33\" data-element_type=\"widget\" data-widget_type=\"spacer.default\">\n\t\t\t\t<div class=\"elementor-widget-container\">\n\t\t\t<style>\/*! elementor - v3.23.0 - 25-07-2024 *\/\n.elementor-column .elementor-spacer-inner{height:var(--spacer-size)}.e-con{--container-widget-width:100%}.e-con-inner>.elementor-widget-spacer,.e-con>.elementor-widget-spacer{width:var(--container-widget-width,var(--spacer-size));--align-self:var(--container-widget-align-self,initial);--flex-shrink:0}.e-con-inner>.elementor-widget-spacer>.elementor-widget-container,.e-con>.elementor-widget-spacer>.elementor-widget-container{height:100%;width:100%}.e-con-inner>.elementor-widget-spacer>.elementor-widget-container>.elementor-spacer,.e-con>.elementor-widget-spacer>.elementor-widget-container>.elementor-spacer{height:100%}.e-con-inner>.elementor-widget-spacer>.elementor-widget-container>.elementor-spacer>.elementor-spacer-inner,.e-con>.elementor-widget-spacer>.elementor-widget-container>.elementor-spacer>.elementor-spacer-inner{height:var(--container-widget-height,var(--spacer-size))}.e-con-inner>.elementor-widget-spacer.elementor-widget-empty,.e-con>.elementor-widget-spacer.elementor-widget-empty{position:relative;min-height:22px;min-width:22px}.e-con-inner>.elementor-widget-spacer.elementor-widget-empty .elementor-widget-empty-icon,.e-con>.elementor-widget-spacer.elementor-widget-empty .elementor-widget-empty-icon{position:absolute;top:0;bottom:0;left:0;right:0;margin:auto;padding:0;width:22px;height:22px}<\/style>\t\t<div class=\"elementor-spacer\">\n\t\t\t<div class=\"elementor-spacer-inner\"><\/div>\n\t\t<\/div>\n\t\t\t\t<\/div>\n\t\t\t\t<\/div>\n\t\t\t\t<div class=\"elementor-element elementor-element-5379eaf elementor-widget elementor-widget-heading\" data-id=\"5379eaf\" data-element_type=\"widget\" data-widget_type=\"heading.default\">\n\t\t\t\t<div class=\"elementor-widget-container\">\n\t\t\t<h2 class=\"elementor-heading-title elementor-size-default\">Spawanie TIG<\/h2>\t\t<\/div>\n\t\t\t\t<\/div>\n\t\t\t\t\t<\/div>\n\t\t\t\t<\/div>\n\t\t<div class=\"elementor-element elementor-element-9328cdd e-grid e-con-boxed e-con e-parent\" data-id=\"9328cdd\" data-element_type=\"container\">\n\t\t\t\t\t<div class=\"e-con-inner\">\n\t\t\t\t<div class=\"elementor-element elementor-element-0c7ac5a elementor-widget elementor-widget-image\" data-id=\"0c7ac5a\" data-element_type=\"widget\" data-widget_type=\"image.default\">\n\t\t\t\t<div class=\"elementor-widget-container\">\n\t\t\t\t\t\t\t\t\t\t\t\t\t<img decoding=\"async\" width=\"250\" height=\"200\" src=\"https:\/\/liftfuture.com\/wp-content\/uploads\/2024\/08\/Projekt-bez-nazwy17.png\" class=\"attachment-large size-large wp-image-83\" alt=\"\" \/>\t\t\t\t\t\t\t\t\t\t\t\t\t<\/div>\n\t\t\t\t<\/div>\n\t\t\t\t<div class=\"elementor-element elementor-element-20d8681 elementor-widget elementor-widget-text-editor\" data-id=\"20d8681\" data-element_type=\"widget\" data-widget_type=\"text-editor.default\">\n\t\t\t\t<div class=\"elementor-widget-container\">\n\t\t\t\t\t\t\t<ul><li>Spos\u00f3b pracy &#8211; r\u0119czny,<\/li><li>\u0179r\u00f3d\u0142o ciep\u0142a &#8211; \u0142uk elektryczny,<\/li><li>Os\u0142ona jeziorka &#8211; gaz oboj\u0119tny,<\/li><li>Zakres nat\u0119\u017cenia pr\u0105du -10-300A<\/li><\/ul>\t\t\t\t\t\t<\/div>\n\t\t\t\t<\/div>\n\t\t\t\t\t<\/div>\n\t\t\t\t<\/div>\n\t\t<div class=\"elementor-element elementor-element-c5fb941 e-flex e-con-boxed e-con e-parent\" data-id=\"c5fb941\" data-element_type=\"container\">\n\t\t\t\t\t<div class=\"e-con-inner\">\n\t\t\t\t<div class=\"elementor-element elementor-element-8ee1b59 elementor-widget elementor-widget-heading\" data-id=\"8ee1b59\" data-element_type=\"widget\" data-widget_type=\"heading.default\">\n\t\t\t\t<div class=\"elementor-widget-container\">\n\t\t\t<h2 class=\"elementor-heading-title elementor-size-default\">Zasada dzia\u0142ania<\/h2>\t\t<\/div>\n\t\t\t\t<\/div>\n\t\t\t\t\t<\/div>\n\t\t\t\t<\/div>\n\t\t<div class=\"elementor-element elementor-element-1914c2f e-flex e-con-boxed e-con e-parent\" data-id=\"1914c2f\" data-element_type=\"container\">\n\t\t\t\t\t<div class=\"e-con-inner\">\n\t\t\t\t<div class=\"elementor-element elementor-element-a959e2c elementor-widget elementor-widget-text-editor\" data-id=\"a959e2c\" data-element_type=\"widget\" data-widget_type=\"text-editor.default\">\n\t\t\t\t<div class=\"elementor-widget-container\">\n\t\t\t\t\t\t\t<p>\u0141uk jarzy si\u0119 mi\u0119dzy ko\u0144cem elektrody wolframowej a metalem rodzimym z\u0142\u0105cza. Elektroda si\u0119 nie stapia, ,a spawacz utrzymuje sta\u0142\u0105 d\u0142ugo\u015b\u0107 \u0142uku. Warto\u015b\u0107 nat\u0119\u017cenia pr\u0105du jest nastawiana na \u017ar\u00f3dle pr\u0105du. Spoiwo zwykle jest dost\u0119pne w postaci drutu o d\u0142ugo\u015bci 1m. Doprowadza si\u0119 je w miar\u0119 potrzeby do przedniego brzegu jeziorka. Jeziorko jest os\u0142aniane przez gaz oboj\u0119tny wypieraj\u0105cy powietrze z obszaru \u0142uku. Jako gaz ochronny najcz\u0119\u015bciej stosowany jest argon.<\/p>\t\t\t\t\t\t<\/div>\n\t\t\t\t<\/div>\n\t\t\t\t\t<\/div>\n\t\t\t\t<\/div>\n\t\t\t\t<\/div>\n\t\t","protected":false},"excerpt":{"rendered":"<p>Promie\u0144 lasera jest uniwersalnym narz\u0119dziem do ci\u0119cia, spawania, napawania, hartowania, lutowania, znakowania&#8230; Wszechstronne zalety obr\u00f3bki materia\u0142\u00f3w promieniem lasera wykorzystuje si\u0119 w wielu dziedzinach. Decyduje o tym najcz\u0119\u015bciej wysoka jako\u015b\u0107 obr\u00f3bki, szybko\u015b\u0107 i elastyczno\u015b\u0107 zastosowa\u0144 oraz powtarzalno\u015b\u0107 procesu. Pracujemy na urz\u0105dzeniach &hellip; <a href=\"http:\/\/liftfuture.com\/?page_id=23\">Continue reading <span class=\"meta-nav\">&rarr;<\/span><\/a><\/p>\n","protected":false},"author":2,"featured_media":0,"parent":0,"menu_order":0,"comment_status":"closed","ping_status":"closed","template":"","meta":{"footnotes":""},"class_list":["post-23","page","type-page","status-publish","hentry"],"yoast_head":"<!-- This site is optimized with the Yoast SEO plugin v23.1 - https:\/\/yoast.com\/wordpress\/plugins\/seo\/ -->\n<title>Inne us\u0142ugi - Chmielewski-laser.pl<\/title>\n<meta name=\"robots\" content=\"index, follow, max-snippet:-1, max-image-preview:large, max-video-preview:-1\" \/>\n<link rel=\"canonical\" href=\"http:\/\/liftfuture.com\/?page_id=23\" \/>\n<meta property=\"og:locale\" content=\"en_US\" \/>\n<meta property=\"og:type\" content=\"article\" \/>\n<meta property=\"og:title\" content=\"Inne us\u0142ugi - Chmielewski-laser.pl\" \/>\n<meta property=\"og:description\" content=\"Promie\u0144 lasera jest uniwersalnym narz\u0119dziem do ci\u0119cia, spawania, napawania, hartowania, lutowania, znakowania&#8230; Wszechstronne zalety obr\u00f3bki materia\u0142\u00f3w promieniem lasera wykorzystuje si\u0119 w wielu dziedzinach. Decyduje o tym najcz\u0119\u015bciej wysoka jako\u015b\u0107 obr\u00f3bki, szybko\u015b\u0107 i elastyczno\u015b\u0107 zastosowa\u0144 oraz powtarzalno\u015b\u0107 procesu. Pracujemy na urz\u0105dzeniach &hellip; Continue reading &rarr;\" \/>\n<meta property=\"og:url\" content=\"http:\/\/liftfuture.com\/?page_id=23\" \/>\n<meta property=\"og:site_name\" content=\"Chmielewski-laser.pl\" \/>\n<meta property=\"article:modified_time\" content=\"2024-08-02T12:39:44+00:00\" \/>\n<meta property=\"og:image\" content=\"http:\/\/liftfuture.com\/wp-content\/uploads\/2024\/08\/Zespawany-detal-280x200-1.jpg\" \/>\n<meta name=\"twitter:card\" content=\"summary_large_image\" \/>\n<meta name=\"twitter:label1\" content=\"Est. reading time\" \/>\n\t<meta name=\"twitter:data1\" content=\"3 minutes\" \/>\n<script type=\"application\/ld+json\" class=\"yoast-schema-graph\">{\"@context\":\"https:\/\/schema.org\",\"@graph\":[{\"@type\":\"WebPage\",\"@id\":\"http:\/\/liftfuture.com\/?page_id=23\",\"url\":\"http:\/\/liftfuture.com\/?page_id=23\",\"name\":\"Inne us\u0142ugi - Chmielewski-laser.pl\",\"isPartOf\":{\"@id\":\"https:\/\/liftfuture.com\/#website\"},\"primaryImageOfPage\":{\"@id\":\"http:\/\/liftfuture.com\/?page_id=23#primaryimage\"},\"image\":{\"@id\":\"http:\/\/liftfuture.com\/?page_id=23#primaryimage\"},\"thumbnailUrl\":\"http:\/\/liftfuture.com\/wp-content\/uploads\/2024\/08\/Zespawany-detal-280x200-1.jpg\",\"datePublished\":\"2024-08-02T10:57:40+00:00\",\"dateModified\":\"2024-08-02T12:39:44+00:00\",\"breadcrumb\":{\"@id\":\"http:\/\/liftfuture.com\/?page_id=23#breadcrumb\"},\"inLanguage\":\"en-US\",\"potentialAction\":[{\"@type\":\"ReadAction\",\"target\":[\"http:\/\/liftfuture.com\/?page_id=23\"]}]},{\"@type\":\"ImageObject\",\"inLanguage\":\"en-US\",\"@id\":\"http:\/\/liftfuture.com\/?page_id=23#primaryimage\",\"url\":\"http:\/\/liftfuture.com\/wp-content\/uploads\/2024\/08\/Zespawany-detal-280x200-1.jpg\",\"contentUrl\":\"http:\/\/liftfuture.com\/wp-content\/uploads\/2024\/08\/Zespawany-detal-280x200-1.jpg\",\"width\":280,\"height\":200},{\"@type\":\"BreadcrumbList\",\"@id\":\"http:\/\/liftfuture.com\/?page_id=23#breadcrumb\",\"itemListElement\":[{\"@type\":\"ListItem\",\"position\":1,\"name\":\"Home\",\"item\":\"https:\/\/liftfuture.com\/\"},{\"@type\":\"ListItem\",\"position\":2,\"name\":\"Inne us\u0142ugi\"}]},{\"@type\":\"WebSite\",\"@id\":\"https:\/\/liftfuture.com\/#website\",\"url\":\"https:\/\/liftfuture.com\/\",\"name\":\"Chmielewski-laser.pl\",\"description\":\"\",\"potentialAction\":[{\"@type\":\"SearchAction\",\"target\":{\"@type\":\"EntryPoint\",\"urlTemplate\":\"https:\/\/liftfuture.com\/?s={search_term_string}\"},\"query-input\":\"required name=search_term_string\"}],\"inLanguage\":\"en-US\"}]}<\/script>\n<!-- \/ Yoast SEO plugin. -->","yoast_head_json":{"title":"Inne us\u0142ugi - Chmielewski-laser.pl","robots":{"index":"index","follow":"follow","max-snippet":"max-snippet:-1","max-image-preview":"max-image-preview:large","max-video-preview":"max-video-preview:-1"},"canonical":"http:\/\/liftfuture.com\/?page_id=23","og_locale":"en_US","og_type":"article","og_title":"Inne us\u0142ugi - Chmielewski-laser.pl","og_description":"Promie\u0144 lasera jest uniwersalnym narz\u0119dziem do ci\u0119cia, spawania, napawania, hartowania, lutowania, znakowania&#8230; Wszechstronne zalety obr\u00f3bki materia\u0142\u00f3w promieniem lasera wykorzystuje si\u0119 w wielu dziedzinach. Decyduje o tym najcz\u0119\u015bciej wysoka jako\u015b\u0107 obr\u00f3bki, szybko\u015b\u0107 i elastyczno\u015b\u0107 zastosowa\u0144 oraz powtarzalno\u015b\u0107 procesu. Pracujemy na urz\u0105dzeniach &hellip; Continue reading &rarr;","og_url":"http:\/\/liftfuture.com\/?page_id=23","og_site_name":"Chmielewski-laser.pl","article_modified_time":"2024-08-02T12:39:44+00:00","og_image":[{"url":"http:\/\/liftfuture.com\/wp-content\/uploads\/2024\/08\/Zespawany-detal-280x200-1.jpg"}],"twitter_card":"summary_large_image","twitter_misc":{"Est. reading time":"3 minutes"},"schema":{"@context":"https:\/\/schema.org","@graph":[{"@type":"WebPage","@id":"http:\/\/liftfuture.com\/?page_id=23","url":"http:\/\/liftfuture.com\/?page_id=23","name":"Inne us\u0142ugi - Chmielewski-laser.pl","isPartOf":{"@id":"https:\/\/liftfuture.com\/#website"},"primaryImageOfPage":{"@id":"http:\/\/liftfuture.com\/?page_id=23#primaryimage"},"image":{"@id":"http:\/\/liftfuture.com\/?page_id=23#primaryimage"},"thumbnailUrl":"http:\/\/liftfuture.com\/wp-content\/uploads\/2024\/08\/Zespawany-detal-280x200-1.jpg","datePublished":"2024-08-02T10:57:40+00:00","dateModified":"2024-08-02T12:39:44+00:00","breadcrumb":{"@id":"http:\/\/liftfuture.com\/?page_id=23#breadcrumb"},"inLanguage":"en-US","potentialAction":[{"@type":"ReadAction","target":["http:\/\/liftfuture.com\/?page_id=23"]}]},{"@type":"ImageObject","inLanguage":"en-US","@id":"http:\/\/liftfuture.com\/?page_id=23#primaryimage","url":"http:\/\/liftfuture.com\/wp-content\/uploads\/2024\/08\/Zespawany-detal-280x200-1.jpg","contentUrl":"http:\/\/liftfuture.com\/wp-content\/uploads\/2024\/08\/Zespawany-detal-280x200-1.jpg","width":280,"height":200},{"@type":"BreadcrumbList","@id":"http:\/\/liftfuture.com\/?page_id=23#breadcrumb","itemListElement":[{"@type":"ListItem","position":1,"name":"Home","item":"https:\/\/liftfuture.com\/"},{"@type":"ListItem","position":2,"name":"Inne us\u0142ugi"}]},{"@type":"WebSite","@id":"https:\/\/liftfuture.com\/#website","url":"https:\/\/liftfuture.com\/","name":"Chmielewski-laser.pl","description":"","potentialAction":[{"@type":"SearchAction","target":{"@type":"EntryPoint","urlTemplate":"https:\/\/liftfuture.com\/?s={search_term_string}"},"query-input":"required name=search_term_string"}],"inLanguage":"en-US"}]}},"_links":{"self":[{"href":"http:\/\/liftfuture.com\/index.php?rest_route=\/wp\/v2\/pages\/23","targetHints":{"allow":["GET"]}}],"collection":[{"href":"http:\/\/liftfuture.com\/index.php?rest_route=\/wp\/v2\/pages"}],"about":[{"href":"http:\/\/liftfuture.com\/index.php?rest_route=\/wp\/v2\/types\/page"}],"author":[{"embeddable":true,"href":"http:\/\/liftfuture.com\/index.php?rest_route=\/wp\/v2\/users\/2"}],"replies":[{"embeddable":true,"href":"http:\/\/liftfuture.com\/index.php?rest_route=%2Fwp%2Fv2%2Fcomments&post=23"}],"version-history":[{"count":4,"href":"http:\/\/liftfuture.com\/index.php?rest_route=\/wp\/v2\/pages\/23\/revisions"}],"predecessor-version":[{"id":86,"href":"http:\/\/liftfuture.com\/index.php?rest_route=\/wp\/v2\/pages\/23\/revisions\/86"}],"wp:attachment":[{"href":"http:\/\/liftfuture.com\/index.php?rest_route=%2Fwp%2Fv2%2Fmedia&parent=23"}],"curies":[{"name":"wp","href":"https:\/\/api.w.org\/{rel}","templated":true}]}}